{"id":96,"date":"2024-05-14T10:52:40","date_gmt":"2024-05-14T08:52:40","guid":{"rendered":"https:\/\/b3ds.fr\/?page_id=96"},"modified":"2026-03-31T15:36:15","modified_gmt":"2026-03-31T13:36:15","slug":"remorque-frigorifique-personalisable","status":"publish","type":"page","link":"https:\/\/b3ds.fr\/index.php\/remorque-frigorifique-personalisable\/","title":{"rendered":"Remorque mobile"},"content":{"rendered":"\n<div class=\"wp-block-columns is-layout-flex wp-container-core-columns-is-layout-28f84493 wp-block-columns-is-layout-flex\">\n<div class=\"wp-block-column is-layout-flow wp-block-column-is-layout-flow\" style=\"flex-basis:25%\">\n<figure class=\"wp-block-image size-large\"><img loading=\"lazy\" decoding=\"async\" width=\"1024\" height=\"792\" src=\"http:\/\/b3ds.fr\/wp-content\/uploads\/2026\/02\/B3DS_carlito_remorque_graphismes_orange_batcheditor_fotor-1024x792.jpg\" alt=\"CARLITO Remorque frigorifique B3DS\" class=\"wp-image-342\" srcset=\"https:\/\/b3ds.fr\/wp-content\/uploads\/2026\/02\/B3DS_carlito_remorque_graphismes_orange_batcheditor_fotor-1024x792.jpg 1024w, https:\/\/b3ds.fr\/wp-content\/uploads\/2026\/02\/B3DS_carlito_remorque_graphismes_orange_batcheditor_fotor-300x232.jpg 300w, https:\/\/b3ds.fr\/wp-content\/uploads\/2026\/02\/B3DS_carlito_remorque_graphismes_orange_batcheditor_fotor-768x594.jpg 768w, https:\/\/b3ds.fr\/wp-content\/uploads\/2026\/02\/B3DS_carlito_remorque_graphismes_orange_batcheditor_fotor-1536x1189.jpg 1536w, https:\/\/b3ds.fr\/wp-content\/uploads\/2026\/02\/B3DS_carlito_remorque_graphismes_orange_batcheditor_fotor-2048x1585.jpg 2048w\" sizes=\"auto, (max-width: 1024px) 100vw, 1024px\" \/><\/figure>\n<\/div>\n\n\n\n<div class=\"wp-block-column is-layout-flow wp-block-column-is-layout-flow\" style=\"flex-basis:50%\">\n<figure class=\"wp-block-image size-large\"><img loading=\"lazy\" decoding=\"async\" width=\"1024\" height=\"792\" src=\"http:\/\/b3ds.fr\/wp-content\/uploads\/2026\/02\/B3DS_carlito_remorque_graphismes_design_deco_bleu_batcheditor_fotor-1024x792.jpg\" alt=\"B3DS Remorque frigorifique CARLITO\" class=\"wp-image-343\" srcset=\"https:\/\/b3ds.fr\/wp-content\/uploads\/2026\/02\/B3DS_carlito_remorque_graphismes_design_deco_bleu_batcheditor_fotor-1024x792.jpg 1024w, https:\/\/b3ds.fr\/wp-content\/uploads\/2026\/02\/B3DS_carlito_remorque_graphismes_design_deco_bleu_batcheditor_fotor-300x232.jpg 300w, https:\/\/b3ds.fr\/wp-content\/uploads\/2026\/02\/B3DS_carlito_remorque_graphismes_design_deco_bleu_batcheditor_fotor-768x594.jpg 768w, https:\/\/b3ds.fr\/wp-content\/uploads\/2026\/02\/B3DS_carlito_remorque_graphismes_design_deco_bleu_batcheditor_fotor-1536x1189.jpg 1536w, https:\/\/b3ds.fr\/wp-content\/uploads\/2026\/02\/B3DS_carlito_remorque_graphismes_design_deco_bleu_batcheditor_fotor-2048x1585.jpg 2048w\" sizes=\"auto, (max-width: 1024px) 100vw, 1024px\" \/><\/figure>\n<\/div>\n\n\n\n<div class=\"wp-block-column is-layout-flow wp-block-column-is-layout-flow\" style=\"flex-basis:25%\">\n<figure class=\"wp-block-image size-large\"><img loading=\"lazy\" decoding=\"async\" width=\"1024\" height=\"792\" src=\"http:\/\/b3ds.fr\/wp-content\/uploads\/2026\/02\/B3DS_carlito_remorque_graphismes_paysage_rose_batcheditor_fotor-1024x792.jpg\" alt=\"CARLITO Remorque frigorifique personnalisable B3DS\" class=\"wp-image-341\" srcset=\"https:\/\/b3ds.fr\/wp-content\/uploads\/2026\/02\/B3DS_carlito_remorque_graphismes_paysage_rose_batcheditor_fotor-1024x792.jpg 1024w, https:\/\/b3ds.fr\/wp-content\/uploads\/2026\/02\/B3DS_carlito_remorque_graphismes_paysage_rose_batcheditor_fotor-300x232.jpg 300w, https:\/\/b3ds.fr\/wp-content\/uploads\/2026\/02\/B3DS_carlito_remorque_graphismes_paysage_rose_batcheditor_fotor-768x594.jpg 768w, https:\/\/b3ds.fr\/wp-content\/uploads\/2026\/02\/B3DS_carlito_remorque_graphismes_paysage_rose_batcheditor_fotor-1536x1189.jpg 1536w, https:\/\/b3ds.fr\/wp-content\/uploads\/2026\/02\/B3DS_carlito_remorque_graphismes_paysage_rose_batcheditor_fotor-2048x1585.jpg 2048w\" sizes=\"auto, (max-width: 1024px) 100vw, 1024px\" \/><\/figure>\n<\/div>\n<\/div>\n\n\n\n<div class=\"wp-block-buttons is-content-justification-center is-layout-flex wp-container-core-buttons-is-layout-a89b3969 wp-block-buttons-is-layout-flex\">\n<div class=\"wp-block-button\"><a class=\"wp-block-button__link wp-element-button\" href=\"https:\/\/b3ds.fr\/index.php\/contact-b3ds\/\">Un devis ?<\/a><\/div>\n<\/div>\n\n\n\n<div style=\"height:51px\" aria-hidden=\"true\" class=\"wp-block-spacer\"><\/div>\n\n\n\n<h2 class=\"wp-block-heading\">CARLITO la remorque mobile et frigorifique B3DS<\/h2>\n\n\n\n<h3 class=\"wp-block-heading\"><mark style=\"background-color:rgba(0, 0, 0, 0);color:#fcb900\" class=\"has-inline-color\">Une solution mobile et frigorifique pens\u00e9e pour vos \u00e9v\u00e9nements<\/mark><\/h3>\n\n\n\n<p>La remorque mobile et frigorifique B3DS Bertholet a \u00e9t\u00e9 con\u00e7ue pour r\u00e9pondre aux <strong>exigences du terrain<\/strong>, o\u00f9 la <strong>mobilit\u00e9 et la gestion du froid sont essentielles<\/strong>. Que ce soit pour un \u00e9v\u00e9nement, une animation commerciale ou un march\u00e9, elle offre une solution fiable, pratique et imm\u00e9diatement op\u00e9rationnelle.<br><br>Pens\u00e9e pour s&rsquo;adapter \u00e0 diff\u00e9rents environnements, cette remorque <strong>permet de conserver, transporter et pr\u00e9senter vos produits dans des conditions optimales<\/strong>, tout en assurant une installation rapide et efficace.<\/p>\n\n\n\n<h4 class=\"wp-block-heading\"><mark style=\"background-color:rgba(0, 0, 0, 0);color:#fcb900\" class=\"has-inline-color\">Performance, mobilit\u00e9 et mise en valeur<\/mark><\/h4>\n\n\n\n<p>La <strong>remorque mobile et frigorifique CARLITO<\/strong>, propos\u00e9 par l&rsquo;\u00e9quipe <strong>B3DS<\/strong>, est la solution id\u00e9ale pour les professionnels \u00e0 la recherche d&rsquo;un \u00e9quipement fiable, performant et enti\u00e8rement personnalisable.<br>Con\u00e7ue pour le <strong>transport frigorifique s\u00e9curis\u00e9<\/strong> de denr\u00e9es alimentaires, produits traiteur, \u00e9v\u00e9nements, march\u00e9s ou usages industriels, CARLITO garantit une <strong>cha\u00eene du froid ma\u00eetris\u00e9e<\/strong>. Gr\u00e2ce \u00e0 une isolation haute performance et un groupe frigorifique puissant adapt\u00e9 \u00e0 vos besoins (froid positif ou n\u00e9gatif). Modulable selon votre activit\u00e9, cette remorque frigorifique sur-mesure peut \u00eatre configur\u00e9e en dimensions, capacit\u00e9 de stockage, option d&rsquo;am\u00e9nagement ext\u00e9rieur et finitions ext\u00e9rieures. Robuste et facile \u00e0 tracter, la remorque frigorifique personnalisable CARLITO combin\u00e9 <strong>qualit\u00e9 professionnelle, durabilit\u00e9 et performance \u00e9nerg\u00e9tique<\/strong>. Optez pour une solution de transport r\u00e9frig\u00e9r\u00e9 personnalis\u00e9e, pens\u00e9e pour optimiser votre logistique et valoriser votre image de marque.<\/p>\n\n\n\n<p>La glaci\u00e8re <strong>CARLITO <\/strong>peut se \u00ab\u00a0greffer\u00a0\u00bb sur ou dans une remorque.<\/p>\n\n\n\n<div style=\"height:56px\" aria-hidden=\"true\" class=\"wp-block-spacer\"><\/div>\n\n\n\n<div class=\"wp-block-buttons is-content-justification-center is-layout-flex wp-container-core-buttons-is-layout-a89b3969 wp-block-buttons-is-layout-flex\">\n<div class=\"wp-block-button\"><a class=\"wp-block-button__link wp-element-button\" href=\"https:\/\/b3ds.fr\/index.php\/equipe-b3ds\/\">Notre \u00e9quipe<\/a><\/div>\n<\/div>\n\n\n\n<div style=\"height:71px\" aria-hidden=\"true\" class=\"wp-block-spacer\"><\/div>\n","protected":false},"excerpt":{"rendered":"<p>CARLITO la remorque mobile et frigorifique B3DS Une solution mobile et frigorifique pens\u00e9e pour vos \u00e9v\u00e9nements La remorque mobile et frigorifique B3DS Bertholet a \u00e9t\u00e9 con\u00e7ue pour r\u00e9pondre aux exigences du terrain, o\u00f9 la mobilit\u00e9 et la gestion du froid sont essentielles. Que ce soit pour un \u00e9v\u00e9nement, une animation commerciale ou un march\u00e9, elle [&hellip;]<\/p>\n","protected":false},"author":1,"featured_media":0,"parent":0,"menu_order":0,"comment_status":"closed","ping_status":"closed","template":"","meta":{"site-sidebar-layout":"default","site-content-layout":"","ast-site-content-layout":"default","site-content-style":"default","site-sidebar-style":"default","ast-global-header-display":"","ast-banner-title-visibility":"","ast-main-header-display":"","ast-hfb-above-header-display":"","ast-hfb-below-header-display":"","ast-hfb-mobile-header-display":"","site-post-title":"","ast-breadcrumbs-content":"","ast-featured-img":"","footer-sml-layout":"","ast-disable-related-posts":"","theme-transparent-header-meta":"","adv-header-id-meta":"","stick-header-meta":"","header-above-stick-meta":"","header-main-stick-meta":"","header-below-stick-meta":"","astra-migrate-meta-layouts":"default","ast-page-background-enabled":"default","ast-page-background-meta":{"desktop":{"background-color":"var(--ast-global-color-4)","background-image":"","background-repeat":"repeat","background-position":"center center","background-size":"auto","background-attachment":"scroll","background-type":"","background-media":"","overlay-type":"","overlay-color":"","overlay-opacity":"","overlay-gradient":""},"tablet":{"background-color":"","background-image":"","background-repeat":"repeat","background-position":"center center","background-size":"auto","background-attachment":"scroll","background-type":"","background-media":"","overlay-type":"","overlay-color":"","overlay-opacity":"","overlay-gradient":""},"mobile":{"background-color":"","background-image":"","background-repeat":"repeat","background-position":"center center","background-size":"auto","background-attachment":"scroll","background-type":"","background-media":"","overlay-type":"","overlay-color":"","overlay-opacity":"","overlay-gradient":""}},"ast-content-background-meta":{"desktop":{"background-color":"var(--ast-global-color-5)","background-image":"","background-repeat":"repeat","background-position":"center center","background-size":"auto","background-attachment":"scroll","background-type":"","background-media":"","overlay-type":"","overlay-color":"","overlay-opacity":"","overlay-gradient":""},"tablet":{"background-color":"var(--ast-global-color-5)","background-image":"","background-repeat":"repeat","background-position":"center center","background-size":"auto","background-attachment":"scroll","background-type":"","background-media":"","overlay-type":"","overlay-color":"","overlay-opacity":"","overlay-gradient":""},"mobile":{"background-color":"var(--ast-global-color-5)","background-image":"","background-repeat":"repeat","background-position":"center center","background-size":"auto","background-attachment":"scroll","background-type":"","background-media":"","overlay-type":"","overlay-color":"","overlay-opacity":"","overlay-gradient":""}},"footnotes":""},"class_list":["post-96","page","type-page","status-publish","hentry"],"yoast_head":"<!-- This site is optimized with the Yoast SEO plugin v27.4 - https:\/\/yoast.com\/product\/yoast-seo-wordpress\/ -->\n<title>Remorque mobile -<\/title>\n<meta name=\"description\" content=\"Remorque mobile et frigorifique par B3DS, solution sur mesure et totalement personnalisable pour transport r\u00e9frig\u00e9r\u00e9 (froid positif\/n\u00e9gatif).\" \/>\n<meta name=\"robots\" content=\"index, follow, max-snippet:-1, max-image-preview:large, max-video-preview:-1\" \/>\n<link rel=\"canonical\" href=\"https:\/\/b3ds.fr\/index.php\/remorque-frigorifique-personalisable\/\" \/>\n<meta property=\"og:locale\" content=\"fr_FR\" \/>\n<meta property=\"og:type\" content=\"article\" \/>\n<meta property=\"og:title\" content=\"Remorque mobile -\" \/>\n<meta property=\"og:description\" content=\"Remorque mobile et frigorifique par B3DS, solution sur mesure et totalement personnalisable pour transport r\u00e9frig\u00e9r\u00e9 (froid positif\/n\u00e9gatif).\" \/>\n<meta property=\"og:url\" content=\"https:\/\/b3ds.fr\/index.php\/remorque-frigorifique-personalisable\/\" \/>\n<meta property=\"article:modified_time\" content=\"2026-03-31T13:36:15+00:00\" \/>\n<meta property=\"og:image\" content=\"https:\/\/b3ds.fr\/wp-content\/uploads\/2026\/02\/B3DS_carlito_remorque_graphismes_orange_batcheditor_fotor-scaled.jpg\" \/>\n\t<meta property=\"og:image:width\" content=\"2560\" \/>\n\t<meta property=\"og:image:height\" content=\"1981\" \/>\n\t<meta property=\"og:image:type\" content=\"image\/jpeg\" \/>\n<meta name=\"twitter:card\" content=\"summary_large_image\" \/>\n<meta name=\"twitter:label1\" content=\"Dur\u00e9e de lecture estim\u00e9e\" \/>\n\t<meta name=\"twitter:data1\" content=\"2 minutes\" \/>\n<script type=\"application\/ld+json\" class=\"yoast-schema-graph\">{\"@context\":\"https:\\\/\\\/schema.org\",\"@graph\":[{\"@type\":\"WebPage\",\"@id\":\"https:\\\/\\\/b3ds.fr\\\/index.php\\\/remorque-frigorifique-personalisable\\\/\",\"url\":\"https:\\\/\\\/b3ds.fr\\\/index.php\\\/remorque-frigorifique-personalisable\\\/\",\"name\":\"Remorque mobile -\",\"isPartOf\":{\"@id\":\"https:\\\/\\\/b3ds.fr\\\/#website\"},\"primaryImageOfPage\":{\"@id\":\"https:\\\/\\\/b3ds.fr\\\/index.php\\\/remorque-frigorifique-personalisable\\\/#primaryimage\"},\"image\":{\"@id\":\"https:\\\/\\\/b3ds.fr\\\/index.php\\\/remorque-frigorifique-personalisable\\\/#primaryimage\"},\"thumbnailUrl\":\"http:\\\/\\\/b3ds.fr\\\/wp-content\\\/uploads\\\/2026\\\/02\\\/B3DS_carlito_remorque_graphismes_orange_batcheditor_fotor-1024x792.jpg\",\"datePublished\":\"2024-05-14T08:52:40+00:00\",\"dateModified\":\"2026-03-31T13:36:15+00:00\",\"description\":\"Remorque mobile et frigorifique par B3DS, solution sur mesure et totalement personnalisable pour transport r\u00e9frig\u00e9r\u00e9 (froid positif\\\/n\u00e9gatif).\",\"breadcrumb\":{\"@id\":\"https:\\\/\\\/b3ds.fr\\\/index.php\\\/remorque-frigorifique-personalisable\\\/#breadcrumb\"},\"inLanguage\":\"fr-FR\",\"potentialAction\":[{\"@type\":\"ReadAction\",\"target\":[\"https:\\\/\\\/b3ds.fr\\\/index.php\\\/remorque-frigorifique-personalisable\\\/\"]}]},{\"@type\":\"ImageObject\",\"inLanguage\":\"fr-FR\",\"@id\":\"https:\\\/\\\/b3ds.fr\\\/index.php\\\/remorque-frigorifique-personalisable\\\/#primaryimage\",\"url\":\"https:\\\/\\\/b3ds.fr\\\/wp-content\\\/uploads\\\/2026\\\/02\\\/B3DS_carlito_remorque_graphismes_orange_batcheditor_fotor-scaled.jpg\",\"contentUrl\":\"https:\\\/\\\/b3ds.fr\\\/wp-content\\\/uploads\\\/2026\\\/02\\\/B3DS_carlito_remorque_graphismes_orange_batcheditor_fotor-scaled.jpg\",\"width\":2560,\"height\":1981,\"caption\":\"CARLITO Remorque frigorifique B3DS\"},{\"@type\":\"BreadcrumbList\",\"@id\":\"https:\\\/\\\/b3ds.fr\\\/index.php\\\/remorque-frigorifique-personalisable\\\/#breadcrumb\",\"itemListElement\":[{\"@type\":\"ListItem\",\"position\":1,\"name\":\"Accueil\",\"item\":\"https:\\\/\\\/b3ds.fr\\\/\"},{\"@type\":\"ListItem\",\"position\":2,\"name\":\"Remorque mobile\"}]},{\"@type\":\"WebSite\",\"@id\":\"https:\\\/\\\/b3ds.fr\\\/#website\",\"url\":\"https:\\\/\\\/b3ds.fr\\\/\",\"name\":\"\",\"description\":\"A vous d\u2019inventer le business qui va avec !\",\"potentialAction\":[{\"@type\":\"SearchAction\",\"target\":{\"@type\":\"EntryPoint\",\"urlTemplate\":\"https:\\\/\\\/b3ds.fr\\\/?s={search_term_string}\"},\"query-input\":{\"@type\":\"PropertyValueSpecification\",\"valueRequired\":true,\"valueName\":\"search_term_string\"}}],\"inLanguage\":\"fr-FR\"}]}<\/script>\n<!-- \/ Yoast SEO plugin. -->","yoast_head_json":{"title":"Remorque mobile -","description":"Remorque mobile et frigorifique par B3DS, solution sur mesure et totalement personnalisable pour transport r\u00e9frig\u00e9r\u00e9 (froid positif\/n\u00e9gatif).","robots":{"index":"index","follow":"follow","max-snippet":"max-snippet:-1","max-image-preview":"max-image-preview:large","max-video-preview":"max-video-preview:-1"},"canonical":"https:\/\/b3ds.fr\/index.php\/remorque-frigorifique-personalisable\/","og_locale":"fr_FR","og_type":"article","og_title":"Remorque mobile -","og_description":"Remorque mobile et frigorifique par B3DS, solution sur mesure et totalement personnalisable pour transport r\u00e9frig\u00e9r\u00e9 (froid positif\/n\u00e9gatif).","og_url":"https:\/\/b3ds.fr\/index.php\/remorque-frigorifique-personalisable\/","article_modified_time":"2026-03-31T13:36:15+00:00","og_image":[{"width":2560,"height":1981,"url":"https:\/\/b3ds.fr\/wp-content\/uploads\/2026\/02\/B3DS_carlito_remorque_graphismes_orange_batcheditor_fotor-scaled.jpg","type":"image\/jpeg"}],"twitter_card":"summary_large_image","twitter_misc":{"Dur\u00e9e de lecture estim\u00e9e":"2 minutes"},"schema":{"@context":"https:\/\/schema.org","@graph":[{"@type":"WebPage","@id":"https:\/\/b3ds.fr\/index.php\/remorque-frigorifique-personalisable\/","url":"https:\/\/b3ds.fr\/index.php\/remorque-frigorifique-personalisable\/","name":"Remorque mobile -","isPartOf":{"@id":"https:\/\/b3ds.fr\/#website"},"primaryImageOfPage":{"@id":"https:\/\/b3ds.fr\/index.php\/remorque-frigorifique-personalisable\/#primaryimage"},"image":{"@id":"https:\/\/b3ds.fr\/index.php\/remorque-frigorifique-personalisable\/#primaryimage"},"thumbnailUrl":"http:\/\/b3ds.fr\/wp-content\/uploads\/2026\/02\/B3DS_carlito_remorque_graphismes_orange_batcheditor_fotor-1024x792.jpg","datePublished":"2024-05-14T08:52:40+00:00","dateModified":"2026-03-31T13:36:15+00:00","description":"Remorque mobile et frigorifique par B3DS, solution sur mesure et totalement personnalisable pour transport r\u00e9frig\u00e9r\u00e9 (froid positif\/n\u00e9gatif).","breadcrumb":{"@id":"https:\/\/b3ds.fr\/index.php\/remorque-frigorifique-personalisable\/#breadcrumb"},"inLanguage":"fr-FR","potentialAction":[{"@type":"ReadAction","target":["https:\/\/b3ds.fr\/index.php\/remorque-frigorifique-personalisable\/"]}]},{"@type":"ImageObject","inLanguage":"fr-FR","@id":"https:\/\/b3ds.fr\/index.php\/remorque-frigorifique-personalisable\/#primaryimage","url":"https:\/\/b3ds.fr\/wp-content\/uploads\/2026\/02\/B3DS_carlito_remorque_graphismes_orange_batcheditor_fotor-scaled.jpg","contentUrl":"https:\/\/b3ds.fr\/wp-content\/uploads\/2026\/02\/B3DS_carlito_remorque_graphismes_orange_batcheditor_fotor-scaled.jpg","width":2560,"height":1981,"caption":"CARLITO Remorque frigorifique B3DS"},{"@type":"BreadcrumbList","@id":"https:\/\/b3ds.fr\/index.php\/remorque-frigorifique-personalisable\/#breadcrumb","itemListElement":[{"@type":"ListItem","position":1,"name":"Accueil","item":"https:\/\/b3ds.fr\/"},{"@type":"ListItem","position":2,"name":"Remorque mobile"}]},{"@type":"WebSite","@id":"https:\/\/b3ds.fr\/#website","url":"https:\/\/b3ds.fr\/","name":"","description":"A vous d\u2019inventer le business qui va avec !","potentialAction":[{"@type":"SearchAction","target":{"@type":"EntryPoint","urlTemplate":"https:\/\/b3ds.fr\/?s={search_term_string}"},"query-input":{"@type":"PropertyValueSpecification","valueRequired":true,"valueName":"search_term_string"}}],"inLanguage":"fr-FR"}]}},"_links":{"self":[{"href":"https:\/\/b3ds.fr\/index.php\/wp-json\/wp\/v2\/pages\/96","targetHints":{"allow":["GET"]}}],"collection":[{"href":"https:\/\/b3ds.fr\/index.php\/wp-json\/wp\/v2\/pages"}],"about":[{"href":"https:\/\/b3ds.fr\/index.php\/wp-json\/wp\/v2\/types\/page"}],"author":[{"embeddable":true,"href":"https:\/\/b3ds.fr\/index.php\/wp-json\/wp\/v2\/users\/1"}],"replies":[{"embeddable":true,"href":"https:\/\/b3ds.fr\/index.php\/wp-json\/wp\/v2\/comments?post=96"}],"version-history":[{"count":37,"href":"https:\/\/b3ds.fr\/index.php\/wp-json\/wp\/v2\/pages\/96\/revisions"}],"predecessor-version":[{"id":515,"href":"https:\/\/b3ds.fr\/index.php\/wp-json\/wp\/v2\/pages\/96\/revisions\/515"}],"wp:attachment":[{"href":"https:\/\/b3ds.fr\/index.php\/wp-json\/wp\/v2\/media?parent=96"}],"curies":[{"name":"wp","href":"https:\/\/api.w.org\/{rel}","templated":true}]}}